{"id":12160,"date":"2016-01-11T09:14:10","date_gmt":"2016-01-11T08:14:10","guid":{"rendered":"https:\/\/iessa.news\/?page_id=12160"},"modified":"2020-06-16T11:37:11","modified_gmt":"2020-06-16T09:37:11","slug":"lyon","status":"publish","type":"page","link":"https:\/\/iessa.news\/?page_id=12160","title":{"rendered":"Lyon"},"content":{"rendered":"<h1>Section locale Lyon <\/h1>\n<div class=\"fusion-fullwidth fullwidth-box fusion-builder-row-1 hundred-percent-fullwidth non-hundred-percent-height-scrolling\" style=\"--awb-border-radius-top-left:0px;--awb-border-radius-top-right:0px;--awb-border-radius-bottom-right:0px;--awb-border-radius-bottom-left:0px;--awb-overflow:visible;--awb-flex-wrap:wrap;\" ><div class=\"fusion-builder-row fusion-row\"><div class=\"fusion-layout-column fusion_builder_column fusion-builder-column-0 fusion_builder_column_1_1 1_1 fusion-one-full fusion-column-first fusion-column-last fusion-column-no-min-height\" style=\"--awb-bg-size:cover;--awb-margin-bottom:0px;\"><div class=\"fusion-column-wrapper fusion-flex-column-wrapper-legacy\"><div id=\"attachment_12323\" style=\"width: 4298px\" class=\"wp-caption aligncenter\"><a href=\"https:\/\/iessa.news\/?attachment_id=12323\" rel=\"attachment wp-att-12323\"><img decoding=\"async\" aria-describedby=\"caption-attachment-12323\" src=\"https:\/\/iessa.news\/wp-content\/uploads\/2016\/01\/Lyon-BT-Tour.jpg\" alt=\"A\u00e9roport de Lyon Saint Exup\u00e9ry, mai 2007. Photo Thomas Jullien.\" width=\"4288\" height=\"2848\" class=\"size-full wp-image-12323\" srcset=\"https:\/\/iessa.news\/wp-content\/uploads\/2016\/01\/Lyon-BT-Tour-300x199.jpg 300w, https:\/\/iessa.news\/wp-content\/uploads\/2016\/01\/Lyon-BT-Tour-768x510.jpg 768w, https:\/\/iessa.news\/wp-content\/uploads\/2016\/01\/Lyon-BT-Tour-1024x680.jpg 1024w, https:\/\/iessa.news\/wp-content\/uploads\/2016\/01\/Lyon-BT-Tour.jpg 4288w\" sizes=\"(max-width: 4288px) 100vw, 4288px\" \/><\/a><p id=\"caption-attachment-12323\" class=\"wp-caption-text\">A\u00e9roport de Lyon Saint Exup\u00e9ry, mai 2007.<br \/>Photo Thomas Jullien.<\/p><\/div>\n<div class=\"fusion-clearfix\"><\/div><\/div><\/div><div class=\"fusion-layout-column fusion_builder_column fusion-builder-column-1 fusion_builder_column_1_1 1_1 fusion-one-full fusion-column-first fusion-column-last fusion-column-no-min-height\" style=\"--awb-bg-size:cover;--awb-margin-bottom:0px;\"><div class=\"fusion-column-wrapper fusion-flex-column-wrapper-legacy\"><div class=\"fusion-blog-shortcode fusion-blog-shortcode-1 fusion-blog-archive fusion-blog-layout-timeline-wrapper fusion-blog-pagination\"><div class=\"fusion-posts-container fusion-posts-container-pagination fusion-blog-rollover\" data-pages=\"1\"><div class=\"fusion-timeline-icon\"><i class=\"awb-icon-bubbles\" style=\"color:#d2d2d2;\" aria-hidden=\"true\"><\/i><\/div><div class=\"fusion-blog-layout-timeline fusion-clearfix\"><div class=\"fusion-timeline-line\" style=\"border-left:1px solid #d2d2d2;border-right:1px solid #d2d2d2;\"><\/div><h3 class=\"fusion-timeline-date\" style=\"background-color:#d2d2d2;\">novembre 2015<\/h3><div class=\"fusion-collapse-month\"><article id=\"blog-1-post-12163\" style=\"border-color:#d2d2d2;\" class=\"fusion-post-timeline fusion-clearfix fusion-left-column post-12163 post type-post status-publish format-standard hentry category-lyon tag-assemblee-generale tag-iessa tag-ils\">\n<div class=\"fusion-post-wrapper\" style=\"background-color:rgba(255,255,255,0);\">\n\n<div class=\"fusion-post-content-wrapper\" style=\"padding:30px 25px 25px 25px;\"><div class=\"fusion-post-content post-content\"><div class=\"fusion-timeline-circle\" style=\"background-color:#d2d2d2;\"><\/div><div class=\"fusion-timeline-arrow\" style=\"color:#d2d2d2;\"><\/div><h2 class=\"blog-shortcode-post-title entry-title\"><a href=\"https:\/\/iessa.news\/?p=12163\">ILS Bron, non \u00e0 l&rsquo;abandon<\/a><\/h2><p class=\"fusion-single-line-meta\"><span class=\"vcard\" style=\"display: none;\"><span class=\"fn\"><a href=\"https:\/\/iessa.news\/?author=1\" title=\"Articles par admin\" rel=\"author\">admin<\/a><\/span><\/span><span class=\"updated\" style=\"display:none;\">2017-10-18T08:44:59+02:00<\/span><span>novembre 25th, 2015<\/span><span class=\"fusion-inline-sep\">|<\/span><\/p><div class=\"fusion-content-sep sep-double sep-solid\"><\/div><div class=\"fusion-post-content-container\"><p>  Le projet \"r\u00e9seau minimal ILS\" DSNA pr\u00e9voit l'arr\u00eat des ILS de Lyon-Bron durant l'ann\u00e9e 2016.<\/p><\/div><\/div><\/div><div class=\"fusion-clearfix\"><\/div><\/div>\n<\/article>\n<\/div><h3 class=\"fusion-timeline-date\" style=\"background-color:#d2d2d2;\">octobre 2015<\/h3><div class=\"fusion-collapse-month\"><article id=\"blog-1-post-12157\" style=\"border-color:#d2d2d2;\" class=\"fusion-post-timeline fusion-clearfix fusion-right-column post-12157 post type-post status-publish format-standard hentry category-lyon category-sections-locales tag-iessa\">\n<div class=\"fusion-post-wrapper\" style=\"background-color:rgba(255,255,255,0);\">\n\n<div class=\"fusion-post-content-wrapper\" style=\"padding:30px 25px 25px 25px;\"><div class=\"fusion-post-content post-content\"><div class=\"fusion-timeline-circle\" style=\"background-color:#d2d2d2;\"><\/div><div class=\"fusion-timeline-arrow\" style=\"color:#d2d2d2;\"><\/div><h2 class=\"blog-shortcode-post-title entry-title\"><a href=\"https:\/\/iessa.news\/?p=12157\">Inversion des roles<\/a><\/h2><p class=\"fusion-single-line-meta\"><span class=\"vcard\" style=\"display: none;\"><span class=\"fn\"><a href=\"https:\/\/iessa.news\/?author=1\" title=\"Articles par admin\" rel=\"author\">admin<\/a><\/span><\/span><span class=\"updated\" style=\"display:none;\">2017-10-18T08:45:02+02:00<\/span><span>octobre 10th, 2015<\/span><span class=\"fusion-inline-sep\">|<\/span><\/p><div class=\"fusion-content-sep sep-double sep-solid\"><\/div><div class=\"fusion-post-content-container\"><p>  Qu\u2019il s\u2019agisse du rapport du CGEDD ou des pr\u00e9sentations du projet pour la fili\u00e8re technique, nous assistons \u00e0 une op\u00e9ration de communication et de manipulation d\u2019envergure.<\/p><\/div><\/div><\/div><div class=\"fusion-clearfix\"><\/div><\/div>\n<\/article>\n<\/div><\/div><\/div><\/div><div class=\"fusion-clearfix\"><\/div><\/div><\/div><\/div><\/div>\n","protected":false},"excerpt":{"rendered":"<p>Section locale Lyon<\/p>\n","protected":false},"author":1,"featured_media":0,"parent":0,"menu_order":0,"comment_status":"closed","ping_status":"closed","template":"","meta":{"footnotes":""},"class_list":["post-12160","page","type-page","status-publish","hentry"],"_links":{"self":[{"href":"https:\/\/iessa.news\/index.php?rest_route=\/wp\/v2\/pages\/12160","targetHints":{"allow":["GET"]}}],"collection":[{"href":"https:\/\/iessa.news\/index.php?rest_route=\/wp\/v2\/pages"}],"about":[{"href":"https:\/\/iessa.news\/index.php?rest_route=\/wp\/v2\/types\/page"}],"author":[{"embeddable":true,"href":"https:\/\/iessa.news\/index.php?rest_route=\/wp\/v2\/users\/1"}],"replies":[{"embeddable":true,"href":"https:\/\/iessa.news\/index.php?rest_route=%2Fwp%2Fv2%2Fcomments&post=12160"}],"version-history":[{"count":4,"href":"https:\/\/iessa.news\/index.php?rest_route=\/wp\/v2\/pages\/12160\/revisions"}],"predecessor-version":[{"id":13759,"href":"https:\/\/iessa.news\/index.php?rest_route=\/wp\/v2\/pages\/12160\/revisions\/13759"}],"wp:attachment":[{"href":"https:\/\/iessa.news\/index.php?rest_route=%2Fwp%2Fv2%2Fmedia&parent=12160"}],"curies":[{"name":"wp","href":"https:\/\/api.w.org\/{rel}","templated":true}]}}

<h1>Section locale Lyon </h1>
<div class="fusion-fullwidth fullwidth-box fusion-builder-row-1 hundred-percent-fullwidth non-hundred-percent-height-scrolling" style="--awb-border-radius-top-left:0px;--awb-border-radius-top-right:0px;--awb-border-radius-bottom-right:0px;--awb-border-radius-bottom-left:0px;--awb-overflow:visible;--awb-flex-wrap:wrap;" ><div class="fusion-builder-row fusion-row"><div class="fusion-layout-column fusion_builder_column fusion-builder-column-0 fusion_builder_column_1_1 1_1 fusion-one-full fusion-column-first fusion-column-last fusion-column-no-min-height" style="--awb-bg-size:cover;--awb-margin-bottom:0px;"><div class="fusion-column-wrapper fusion-flex-column-wrapper-legacy"><div id="attachment_12323" style="width: 4298px" class="wp-caption aligncenter"><a href="https://iessa.news/?attachment_id=12323" rel="attachment wp-att-12323"><img decoding="async" aria-describedby="caption-attachment-12323" src="https://iessa.news/wp-content/uploads/2016/01/Lyon-BT-Tour.jpg" alt="Aéroport de Lyon Saint Exupéry, mai 2007. Photo Thomas Jullien." width="4288" height="2848" class="size-full wp-image-12323" srcset="https://iessa.news/wp-content/uploads/2016/01/Lyon-BT-Tour-300x199.jpg 300w, https://iessa.news/wp-content/uploads/2016/01/Lyon-BT-Tour-768x510.jpg 768w, https://iessa.news/wp-content/uploads/2016/01/Lyon-BT-Tour-1024x680.jpg 1024w, https://iessa.news/wp-content/uploads/2016/01/Lyon-BT-Tour.jpg 4288w" sizes="(max-width: 4288px) 100vw, 4288px" /></a><p id="caption-attachment-12323" class="wp-caption-text">Aéroport de Lyon Saint Exupéry, mai 2007.<br />Photo Thomas Jullien.</p></div>
<div class="fusion-clearfix"></div></div></div><div class="fusion-layout-column fusion_builder_column fusion-builder-column-1 fusion_builder_column_1_1 1_1 fusion-one-full fusion-column-first fusion-column-last fusion-column-no-min-height" style="--awb-bg-size:cover;--awb-margin-bottom:0px;"><div class="fusion-column-wrapper fusion-flex-column-wrapper-legacy"><div class="fusion-blog-shortcode fusion-blog-shortcode-1 fusion-blog-archive fusion-blog-layout-timeline-wrapper fusion-blog-pagination"><div class="fusion-posts-container fusion-posts-container-pagination fusion-blog-rollover" data-pages="1"><div class="fusion-timeline-icon"><i class="awb-icon-bubbles" style="color:#d2d2d2;" aria-hidden="true"></i></div><div class="fusion-blog-layout-timeline fusion-clearfix"><div class="fusion-timeline-line" style="border-left:1px solid #d2d2d2;border-right:1px solid #d2d2d2;"></div><h3 class="fusion-timeline-date" style="background-color:#d2d2d2;">novembre 2015</h3><div class="fusion-collapse-month"><article id="blog-1-post-12163" style="border-color:#d2d2d2;" class="fusion-post-timeline fusion-clearfix fusion-left-column post-12163 post type-post status-publish format-standard hentry category-lyon tag-assemblee-generale tag-iessa tag-ils">
<div class="fusion-post-wrapper" style="background-color:rgba(255,255,255,0);">

<div class="fusion-post-content-wrapper" style="padding:30px 25px 25px 25px;"><div class="fusion-post-content post-content"><div class="fusion-timeline-circle" style="background-color:#d2d2d2;"></div><div class="fusion-timeline-arrow" style="color:#d2d2d2;"></div><h2 class="blog-shortcode-post-title entry-title"><a href="https://iessa.news/?p=12163">ILS Bron, non à l&rsquo;abandon</a></h2><p class="fusion-single-line-meta"><span class="vcard" style="display: none;"><span class="fn"><a href="https://iessa.news/?author=1" title="Articles par admin" rel="author">admin</a></span></span><span class="updated" style="display:none;">2017-10-18T08:44:59+02:00</span><span>novembre 25th, 2015</span><span class="fusion-inline-sep">|</span></p><div class="fusion-content-sep sep-double sep-solid"></div><div class="fusion-post-content-container"><p>  Le projet "réseau minimal ILS" DSNA prévoit l'arrêt des ILS de Lyon-Bron durant l'année 2016.</p></div></div></div><div class="fusion-clearfix"></div></div>
</article>
</div><h3 class="fusion-timeline-date" style="background-color:#d2d2d2;">octobre 2015</h3><div class="fusion-collapse-month"><article id="blog-1-post-12157" style="border-color:#d2d2d2;" class="fusion-post-timeline fusion-clearfix fusion-right-column post-12157 post type-post status-publish format-standard hentry category-lyon category-sections-locales tag-iessa">
<div class="fusion-post-wrapper" style="background-color:rgba(255,255,255,0);">

<div class="fusion-post-content-wrapper" style="padding:30px 25px 25px 25px;"><div class="fusion-post-content post-content"><div class="fusion-timeline-circle" style="background-color:#d2d2d2;"></div><div class="fusion-timeline-arrow" style="color:#d2d2d2;"></div><h2 class="blog-shortcode-post-title entry-title"><a href="https://iessa.news/?p=12157">Inversion des roles</a></h2><p class="fusion-single-line-meta"><span class="vcard" style="display: none;"><span class="fn"><a href="https://iessa.news/?author=1" title="Articles par admin" rel="author">admin</a></span></span><span class="updated" style="display:none;">2017-10-18T08:45:02+02:00</span><span>octobre 10th, 2015</span><span class="fusion-inline-sep">|</span></p><div class="fusion-content-sep sep-double sep-solid"></div><div class="fusion-post-content-container"><p>  Qu’il s’agisse du rapport du CGEDD ou des présentations du projet pour la filière technique, nous assistons à une opération de communication et de manipulation d’envergure.</p></div></div></div><div class="fusion-clearfix"></div></div>
</article>
</div></div></div></div><div class="fusion-clearfix"></div></div></div></div></div>
